0 = 4*h + 3*b - 560. Suppose 0 = -0*y - 5*y + h. Is y a multiple of 14?
True
Suppose -2 = -w - 8. Is w/(-3)*(-22)/(-4) a multiple of 11?
True
Suppose 9*t - 10*t = -135. Is 17 a factor of t?
False
Let s(n) = 2*n**2 + 5*n - 5. Let q be s(-11). Suppose -3*w - 56 = -q. Does 21 divide w?
True
Suppose 27 = 4*j + h + 4*h, 4*h = -5*j + 27. Is 11 a factor of j/(-2 + 25/11)?
True
Let m be (-1)/(4 - 5) - -185. Is 22 a factor of (1 - 0)/(2/m)?
False
Suppose 1182 = 12*n - 1134. Does 18 divide n?
False
Let o(y) = 6*y**2 + 5*y - 4. Suppose -d = -11*b + 6*b + 7, 0 = 4*d + 3*b - 18. Let u(f) = 11*f**2 + 9*f - 7. Let p(n) = d*u(n) - 5*o(n). Is 3 a factor of p(-2)?
False
Suppose -4*h + k + 90 = 0, 5*h - 3*k + 38 = 7*h. Does 8 divide h?
False
Let u(o) = o - 1. Let f(s) = -6*s + 7. Let n(l) = 2*f(l) + 14*u(l). Let h = -1 - -3. Is n(h) even?
True
Suppose 4*n = -2*u - 6, -2*u + 3*u - 1 = 0. Let w(k) = k + 2. Let g be w(2). Is ((-38)/4)/(n/g) a multiple of 13?
False
Let x(n) = -n**2 - 14*n - 14. Let d be x(-13). Let a = d + 8. Is 2 a factor of a?
False
Let s(p) = -4*p - 4*p + 12*p + 10*p - 1. Does 11 divide s(1)?
False
Let v(s) be the third derivative of s**5/15 - s**4/24 - s**3/6 + s**2. Let b = -2 - -1. Is v(b) a multiple of 3?
False
Is 12 a factor of -4 - -1 - (-270)/2?
True
Let y(b) = -b**3 - 2*b**2 - 3. Let w = -69 + 41. Let j be (-2)/10 + w/10. Is y(j) a multiple of 5?
False
Let a(m) = 11*m + 5. Let z(v) = 5*v + 3. Let c = 2 + 1. Let u(r) = c*a(r) - 7*z(r). Is u(-5) even?
True
Let p(k) = -k**3 - k + 40. Let v be p(0). Let y = 88 + 27. Suppose v + y = 5*r. Does 15 divide r?
False
Let t be (-16)/(-24) - 70/(-3). Is 12 a factor of (t/10)/((-3)/(-45))?
True
Suppose -3 = -3*v + 12. Suppose 3*b - b = 3*r + 10, 2 = -4*b - v*r. Is (-1456)/(-35) + b/5 a multiple of 14?
True
Let w = 73 + -31. Is w a multiple of 21?
True
Let g(y) = 3*y - 11. Let j be g(8). Suppose -4*k + 3*a = -k - 9, -3*k - a + j = 0. Suppose 0 = -2*m - l + 6*l - 4, -k*m = l - 36. Is m a multiple of 4?
True
Let d(g) = 4*g**2 + 2*g + 2. Let h be d(-1). Suppose -b - o + 42 = 0, -7 - 185 = -h*b + 4*o. Does 15 divide b?
True
Let f = -5 - -7. Suppose u + 25 = 4*j - 17, 32 = f*j + 5*u. Does 7 divide j?
False
Is 44 a factor of (-704)/12*(-6)/4?
True
Let h = 152 - 76. Is h a multiple of 20?
False
Suppose 5*c - 553 = -38. Does 6 divide c?
False
Is (-32)/(-2) + 3 + -5 + 5 a multiple of 5?
False
Let n = -7 + 9. Suppose n*h = -3*g + 81, 3*h - 61 - 62 = -5*g. Is h a multiple of 8?
False
Let o = -10 - -23. Is o a multiple of 13?
True
Let l(w) = -6*w - 15. Let q = -8 + 5. Let h(v) = -3*v - 8. Let u(f) = q*l(f) + 7*h(f). Is u(-10) a multiple of 19?
True
Suppose 5*k = -o + 23, 2*o + 0 - 1 = -k. Let u = o + 10. Is 4 a factor of u?
True
Let b be 35*((-16)/(-10) - 2). Is 5 a factor of (b/35)/((-2)/40)?
False
Suppose 2*v + 5 = 5*t - 8, -3*v - t = 11. Suppose w - 209 = -5*f, -w + 0*w - 169 = -4*f. Is 14 a factor of 8/(-3)*f/v?
True
Suppose -6*d + d - 60 = 4*g, g - 2 = 3*d. Let j = g - -47. Is 20 a factor of j?
False
Suppose -4*x + 115 = -5*b, -27 = 5*x + 2*b - 146. Does 7 divide (-1)/(10/(-8))*x?
False
Let z(v) = v**2 + 5*v + 2. Let m be z(-5). Suppose 2*r + m*r = 16. Suppose -26 = -2*b + r. Is b a multiple of 9?
False
Suppose 5*r = 2*h + 31, 4*r + h - 26 = 2*h. Let p = -3 + r. Does 4 divide p?
True
Let y = -134 + 53. Let q = -38 - y. Is q a multiple of 13?
False
Let v(f) = 2 - 5*f + 2*f + f. Let r be (-10 - -2)*-1*-1. Does 9 divide v(r)?
True
Is ((-96)/40)/((-4)/10) a multiple of 6?
True
Let u(l) = l**2 - 10*l - 7. Let v be u(5). Does 14 divide (-113)/(-4) - (-8)/v?
True
Let h(x) = -x**3 + 4*x**2 - 2*x - 1. Let c be h(4). Is 0/2 + (2 - c) a multiple of 11?
True
Suppose -265 = -2*b + 65. Does 55 divide b?
True
Suppose 0*m + 2100 = -5*m. Let u = -7 + 4. Is 1/u + m/(-18) a multiple of 9?
False
Let s(b) = -2*b**2 - 23*b - 19. Is s(-10) even?
False
Let r(x) = 5*x**2 + x. Suppose 4*z = -2*h, -h + 0*h = 3*z - 2. Is 6 a factor of r(z)?
False
Let g(d) = d**3 - 7*d**2 + 4*d + 4. Let w be g(7). Let j be ((-10)/(-8))/((-8)/w). Is 8 a factor of (3 + j)/((-1)/4)?
True
Let l(t) = -t**2 + 15*t - 8. Let z be l(7). Let v = z - 28. Is v a multiple of 10?
True
Suppose 5*o - 5088 = -7*o. Is o a multiple of 53?
True
Suppose 0 = 3*m - 5*d + 11 - 28, 3*m - 9 = 3*d. Suppose -5*h = 31 - 11. Is (h + -12)/(m + 0) a multiple of 9?
False
Let g be ((-2)/(-6))/(5/30). Let b be 80/(-15)*(-3)/g. Is (b*2)/((-6)/(-15)) a multiple of 16?
False
Let d(q) = q + 2. Let t be d(4). Let a be t/9 + (-14)/(-6). Suppose -2*m - a*f - 2 + 32 = 0, 5*f = 4*m - 38. Does 12 divide m?
True
Let i(l) = l + 11. Suppose 0 = -4*y + 3*y. Does 8 divide i(y)?
False
Let j be 4/(-4)*93/(-3). Let u = j + -20. Is 7 a factor of u?
False
Let h(d) = -d - 2 + 0*d - 1. Let r be h(0). Let q(s) = -11*s + 1. Is 17 a factor of q(r)?
True
Let i(n) = n - 6. Let k be i(7). Is (18 + 2)/(k/2) a multiple of 10?
True
Suppose -4*c - 3*r - 22 = 0, 2*c + 3*c + 4*r + 28 = 0. Let g be (-8)/2*41/c. Suppose -4*m + m = -2*o + 51, -2*o + m = -g. Is 9 a factor of o?
True
Let b = 2 - 2. Suppose 2*y + 4 = b, -2*z - 2*y = -z - 88. Let n = -52 + z. Does 18 divide n?
False
Suppose -2*f - 3*a + 4*a = -36, -3*f + 3*a + 57 = 0. Does 11 divide f?
False
Suppose -4*m = 6*m - 1500. Does 25 divide m?
True
Let c(k) = -k**3 - 10*k**2 + 9*k + 35. Is 30 a factor of c(-11)?
False
Suppose o + 2*k = 4*k + 21, -3*o - 2*k + 71 = 0. Is 23 a factor of o?
True
Let s(p) = 50*p**2 - p - 1. Is 11 a factor of s(2)?
False
Let m(i) = -42*i**2 + i + 1. Let w be m(-1). Does 5 divide 120/w*(-7)/2?
True
Suppose 0 = 8*l - 5*l - 30. Suppose 0 = -l*n + 8*n + 24. Does 6 divide n?
True
Suppose 2*f - 2 = 12. Suppose 31 = j + f. Is 8 a factor of j?
True
Let m = 29 - 24. Suppose 149 = m*d - 2*x + 36, 3*d + 5*x = 43. Is d a multiple of 7?
True
Let c = 15 + -3. Suppose -3*k = -k - c. Is 3 a factor of k?
True
Let r(z) = z**2 - 2*z + 16. Let q be r(6). Let g be 10/3 + (-2)/6. Suppose y - q = -g*y. Is y a multiple of 10?
True
Suppose 5*a = 7*a - 120. Is a a multiple of 10?
True
Let r(f) = 17*f + 21. Let g(u) = 4*u + 5. Let q(z) = 26*g(z) - 6*r(z). Let c be q(-4). Is ((c/1)/(-1))/1 a multiple of 2?
True
Let y(h) = -113*h - 10. Is y(-2) a multiple of 24?
True
Let m(i) = i**3 - 3*i**2 + i. Let n be m(1). Let w be (1/2)/(n/26). Is 13 a factor of 1/(-1 - 14/w)?
True
Suppose 0 = 3*c + 12, 0 = 5*o + 3*c - 538 - 65. Is o a multiple of 30?
False
Let r(f) = f**3 - 3*f**2 + f - 1. Let t be r(3). Suppose -d = t*d + 5*g - 30, d - g = 18. Does 15 divide d?
True
Let x(s) = -6*s + 4. Let z(g) = -18*g + 11. Let v(f) = 7*x(f) - 2*z(f). Let w be v(-6). Suppose 4*a - w = -10. Is a a multiple of 4?
True
Let q be (0 - 8 - -4)/(-2). Suppose -5*o - 5*z = -q*o - 25, -2*z + 4 = 0. Does 5 divide o?
True
Suppose 0 = -4*b + 3*b + 3. Let o(x) = 2*x**2 + 3*x - 1. Let t be o(-9). Suppose 26 = -b*h + t. Is h a multiple of 16?
False
Let h = -3 - -8. Is 10 a factor of ((-20)/3)/(h/(-15))?
True
Let c be 6*(-3)/(-6) - -3. Let i = c - 3. Is 3 a factor of i?
True
Let z = -16 + 56. Does 20 divide z?
True
Let z(l) = l**3 - 6*l**2 + 3*l - 11. Is z(7) a multiple of 15?
False
Suppose 6*w = w - 3*m - 6, -4*m - 3 = 5*w. Is w/((-6)/20) - -3 a multiple of 11?
False
Let r be ((-8)/(-5))/((-6)/(-150)). Suppose -f - 4*f = -r. Does 4 divide f?
True
Let m = 407 + -268. Suppose -r - 4 = 0, 0*k + r = 5*k - m. Does 7 divide k?
False
Suppose 0 = -2*n - 3*u + 13, -n + 5*u = 7 + 6. Suppose 0 = -0*z - n*z + 112. Is z a multiple of 14?
True
Suppose 2*l + 284 = 5*l - t, 396 = 4*l + 3*t. Does 12 divide l?
True
Let f(h) = h**3 - 12*h**2 + 12. Suppose 60 = 2*r + 3*r. Is 6 a factor of f(r)?
True
Suppose -23 = 2*a - 103. Does 6 divide a?
False
Suppose 2*z + 2 = -10. Let g be (-32)/6 - 2/z. Let b = g + 12. Is 7 a factor of b?
True
Let k = 146 - -2. Does 21 divide k?
False
Let o(r) be the first derivative of -9/2*r**2 - 5*r - 3. Does 20 divide o(-5)?
True
Suppose -2*d + 2*j = -4*d - 48, 0 = -5*j + 25. Let r = 41 + d. Is 10 a factor of r?
False
Let c(f) = 2*f**2 - 2*f. Let h be c(2). Suppose 0 = b - h*b + 114. Does 23 divide b?
False
Is -1 + 1 + -2 + 356/1 a multiple of 59?
True
Suppose -7*r = 22 - 624. Does 12 divide r?
False
Let b(i) = -i**3 - 8*i**2 - 4*i + 3. Let h be b(-5). Let m = h - -121. Let u = m - 49. Is 10 a facto